{"id":11,"date":"2018-05-17T00:10:41","date_gmt":"2018-05-16T22:10:41","guid":{"rendered":"http:\/\/yoga-chamanisme.com\/?page_id=11"},"modified":"2020-06-18T07:56:19","modified_gmt":"2020-06-18T05:56:19","slug":"chamanisme","status":"publish","type":"page","link":"https:\/\/yoga-chamanisme.com\/index.php\/chamanisme\/","title":{"rendered":"CHAMANISME"},"content":{"rendered":"<p><img decoding=\"async\" loading=\"lazy\" class=\"alignleft size-medium wp-image-44\" src=\"https:\/\/yoga-chamanisme.com\/wp-content\/uploads\/2018\/05\/IMG_2704-225x300.jpg\" alt=\"IMG_2704\" width=\"225\" height=\"300\" srcset=\"https:\/\/yoga-chamanisme.com\/wp-content\/uploads\/2018\/05\/IMG_2704-225x300.jpg 225w, https:\/\/yoga-chamanisme.com\/wp-content\/uploads\/2018\/05\/IMG_2704-768x1024.jpg 768w\" sizes=\"(max-width: 225px) 100vw, 225px\" \/>Le chaman est un intercesseur entre les Hommes et la Nature: il maintient l\u2019\u00e9quilibre spirituel, environnemental et social de sa communaut\u00e9 par le biais de sa capacit\u00e9 \u00e0 modifier son \u00e9tat de conscience.<\/p>\n<p>Les stages que nous proposons s\u2019inscrivent dans la lign\u00e9e des formations que nous avons re\u00e7ues au sein de la FSS \u2013 Foundation of Shamanic Studies, fond\u00e9e par l\u2019anthropologue Mickael Harner.<\/p>\n<p>Le \u2018core-chamanisme\u2019 d\u00e9fini par Harner est l\u2019outil qui incorpore les techniques de diff\u00e9rentes traditions chamaniques afin de les rendre universelles, utilisables et accessibles aux habitants de la civilisation moderne.<\/p>\n<p>Nos stages initient ou perfectionnent les participants \u00e0 ces traditions chamaniques s\u00e9culaires, en proposant la mise en place d\u2019un \u00e9tat de conscience modifi\u00e9 induit par un son percussif (battements de tambours), un chant (yoga du son &#8211; tradition B\u00f6n tib\u00e9taine) ou une danse (danse m\u00e9decine &#8211; danse des 5 rythmes), sans utilisation de psychotropes.<\/p>\n<p>Les th\u00e9matiques abord\u00e9es porteront sur le voyage chamanique, la qu\u00eate de visions et la recherche d\u2019esprits alli\u00e9s (Animal de Pouvoir), le recouvrement d\u2019\u00c2mes et les extractions.<\/p>\n<p>Coupl\u00e9e au yoga pour assurer un bon ancrage corporel, la pratique chamanique sert de v\u00e9hicule \u00e0 la conscience afin que celle-ci puisse\u00a0voyager au travers des Mondes, les cercles de tambours facilitant sa libre circulation en assurant un strict protocole d&rsquo;entr\u00e9e et de retour.<\/p>\n<p>Autant que possible, les processus auront lieu en pleine nature (for\u00eat, bivouacs, g\u00eetes de qualit\u00e9) avec selon les stages la mise en place de feux rituels et des huttes de sudations.<\/p>\n<p>L\u2019intention est de cr\u00e9er des espaces de ressourcement propices au travail sur Soi, en b\u00e9n\u00e9ficiant d\u2019un encadrement s\u00e9curis\u00e9 et pleinement naturel.<\/p>\n","protected":false},"excerpt":{"rendered":"<p>Le chaman est un intercesseur entre les Hommes et la Nature: il maintient l\u2019\u00e9quilibre spirituel, environnemental et social de sa communaut\u00e9 par le biais de sa capacit\u00e9 \u00e0 modifier son \u00e9tat de conscience. Les stages que nous proposons s\u2019inscrivent dans &hellip; <a href=\"https:\/\/yoga-chamanisme.com\/index.php\/chamanisme\/\">Lire la suite\u00ad\u00ad<\/a><\/p>\n","protected":false},"author":1,"featured_media":0,"parent":0,"menu_order":0,"comment_status":"closed","ping_status":"closed","template":"","meta":[],"_links":{"self":[{"href":"https:\/\/yoga-chamanisme.com\/index.php\/wp-json\/wp\/v2\/pages\/11"}],"collection":[{"href":"https:\/\/yoga-chamanisme.com\/index.php\/wp-json\/wp\/v2\/pages"}],"about":[{"href":"https:\/\/yoga-chamanisme.com\/index.php\/wp-json\/wp\/v2\/types\/page"}],"author":[{"embeddable":true,"href":"https:\/\/yoga-chamanisme.com\/index.php\/wp-json\/wp\/v2\/users\/1"}],"replies":[{"embeddable":true,"href":"https:\/\/yoga-chamanisme.com\/index.php\/wp-json\/wp\/v2\/comments?post=11"}],"version-history":[{"count":8,"href":"https:\/\/yoga-chamanisme.com\/index.php\/wp-json\/wp\/v2\/pages\/11\/revisions"}],"predecessor-version":[{"id":107,"href":"https:\/\/yoga-chamanisme.com\/index.php\/wp-json\/wp\/v2\/pages\/11\/revisions\/107"}],"wp:attachment":[{"href":"https:\/\/yoga-chamanisme.com\/index.php\/wp-json\/wp\/v2\/media?parent=11"}],"curies":[{"name":"wp","href":"https:\/\/api.w.org\/{rel}","templated":true}]}}